{"id":465,"date":"2023-09-03T19:30:46","date_gmt":"2023-09-03T17:30:46","guid":{"rendered":"https:\/\/ohndorf.de\/?page_id=465"},"modified":"2025-10-19T16:08:42","modified_gmt":"2025-10-19T14:08:42","slug":"mgv-ohndorf","status":"publish","type":"page","link":"https:\/\/ohndorf.de\/index.php\/mgv-ohndorf\/","title":{"rendered":"MGV Ohndorf"},"content":{"rendered":"\n<p class=\"has-ast-global-color-6-background-color has-background\"><strong>Leider musste die Mitgliederversammlung im Dezember 2023 die Aufl\u00f6sung des Vereins beschlie\u00dfen. Aufgrund fehlender Mitglieder ist es nicht mehr m\u00f6glich, den Vereinsbetrieb aufrecht zu erhalten. Der MGV Ohndorf wurde inzwischen aufgel\u00f6st. Die Pflege des heimischen Liedgutes ist in der Dorfgemeinschaft aufgegangen.<\/strong><\/p>\n\n\n\n<p>Der M\u00e4nnergesangverein Ohndorf wurde 1922 gegr\u00fcndet und blickt somit auf mehr als 100-j\u00e4hrige Tradition des Chorgesangs in Ohndorf zur\u00fcck. Der MGV geh\u00f6rt dem S\u00e4ngerbund Deister-S\u00fcntel an und ist auch Mitgliedschor in der Stiftung Bundesbahnsozialwerk (BSW). Regelm\u00e4\u00dfige Auftritte beim Fasleabend\/ Erntefest\/ Volkstrauertag\/ Weihnachtsfeier geh\u00f6ren zum musikalischen Rahmen des Chores.<\/p>\n\n\n\n<p>In der Vergangenheit geh\u00f6rten auch Theaterveranstaltungen dazu, aus denen sich sp\u00e4ter auch das \u201eOhndorf-Theater\u201c mit Laienspielern\/innen aus Ohndorf gebildet hat. Oskar Wedel hat bis 2017 \u00fcber 28 Jahre den MGV als Vorsitzender geleitet. Er war auch der Leiter und Organisator des \u201eOhndorf-Theaters\u201c. Der MGV Ohndorf schloss sich in 2008 mit den M\u00e4nnergesangvereinen aus Bad Nenndorf und Rehren A\/R zur M\u00e4nnerchorgemeinschaft Schaumburg zusammen. 2020 geh\u00f6rten dem Chor 25 M\u00e4nner an. Chorleiterin ist Julia Makarowa.<\/p>\n\n\n\n<p>Die Chorgemeinschaft nimmt auch musikalische Auftritte au\u00dferhalb von Ohndorf wahr: z.B. beim Benefizkonzert in der Wandelhalle Bad Nenndorf zugunsten der \u201eTafel Bad Nenndorf\u201c, zum BSW-Adventskonzert am 3. Advent im Hauptbahnhof Hannover, zu Jubil\u00e4ums- u. Freundschaftssingen, zu Besuchen in einigen Heimen in Bad Nenndorf, zu Gottesdiensten in der Martinskirche in Hohnhorst.<\/p>\n\n\n\n<p>F\u00fcr das Erntefest in Ohndorf wurde auf Initiative des MGV der Projektchor \u201eErntefestchor\u201c gebildet. Zu diesem Anlass finden sich Frauen und M\u00e4nner aus Ohndorf zu einem gemischten Chor zusammen und singen beim Abholen der Erntekrone.<\/p>\n\n\n\n<p>Jeder, wer Freude am Singen hat, ist herzlich eingeladen, entweder im M\u00e4nnerchor oder im Erntefestchor, mitzusingen.<\/p>\n\n\n\n<p><s>Regelm\u00e4\u00dfige \u00dcbungsabende des M\u00e4nnergesangsverein Ohndorf finden an jedem Dienstag in der Alten Schule von 19:30 bis 21:30 Uhr statt.<\/s><\/p>\n\n\n\n<p><\/p>\n","protected":false},"excerpt":{"rendered":"<p>Leider musste die Mitgliederversammlung im Dezember 2023 die Aufl\u00f6sung des Vereins beschlie\u00dfen. Aufgrund fehlender Mitglieder ist es nicht mehr m\u00f6glich, den Vereinsbetrieb aufrecht zu erhalten. Der MGV Ohndorf wurde inzwischen aufgel\u00f6st. Die Pflege des heimischen &hellip;<\/p>\n<p class=\"read-more\"> <a class=\"\" href=\"https:\/\/ohndorf.de\/index.php\/mgv-ohndorf\/\"> <span class=\"screen-reader-text\">MGV Ohndorf<\/span> weiterlesen<\/a><\/p>\n","protected":false},"author":1,"featured_media":0,"parent":0,"menu_order":0,"comment_status":"closed","ping_status":"closed","template":"","meta":{"_uag_custom_page_level_css":"","site-sidebar-layout":"default","site-content-layout":"default","ast-global-header-display":"","ast-main-header-display":"","ast-hfb-above-header-display":"","ast-hfb-below-header-display":"","ast-hfb-mobile-header-display":"","site-post-title":"","ast-breadcrumbs-content":"","ast-featured-img":"","footer-sml-layout":"","theme-transparent-header-meta":"","adv-header-id-meta":"","stick-header-meta":"","header-above-stick-meta":"","header-main-stick-meta":"","header-below-stick-meta":"","footnotes":""},"class_list":["post-465","page","type-page","status-publish","hentry"],"uagb_featured_image_src":{"full":false,"thumbnail":false,"medium":false,"medium_large":false,"large":false,"1536x1536":false,"2048x2048":false,"fpw_square":false,"fpw_banner":false,"fpw_big":false},"uagb_author_info":{"display_name":"Marco Thiele","author_link":"https:\/\/ohndorf.de\/index.php\/author\/mthiele\/"},"uagb_comment_info":0,"uagb_excerpt":"Leider musste die Mitgliederversammlung im Dezember 2023 die Aufl\u00f6sung des Vereins beschlie\u00dfen. Aufgrund fehlender Mitglieder ist es nicht mehr m\u00f6glich, den Vereinsbetrieb aufrecht zu erhalten. Der MGV Ohndorf wurde inzwischen aufgel\u00f6st. Die Pflege des heimischen &hellip; MGV Ohndorf weiterlesen","_links":{"self":[{"href":"https:\/\/ohndorf.de\/index.php\/wp-json\/wp\/v2\/pages\/465","targetHints":{"allow":["GET"]}}],"collection":[{"href":"https:\/\/ohndorf.de\/index.php\/wp-json\/wp\/v2\/pages"}],"about":[{"href":"https:\/\/ohndorf.de\/index.php\/wp-json\/wp\/v2\/types\/page"}],"author":[{"embeddable":true,"href":"https:\/\/ohndorf.de\/index.php\/wp-json\/wp\/v2\/users\/1"}],"replies":[{"embeddable":true,"href":"https:\/\/ohndorf.de\/index.php\/wp-json\/wp\/v2\/comments?post=465"}],"version-history":[{"count":4,"href":"https:\/\/ohndorf.de\/index.php\/wp-json\/wp\/v2\/pages\/465\/revisions"}],"predecessor-version":[{"id":542,"href":"https:\/\/ohndorf.de\/index.php\/wp-json\/wp\/v2\/pages\/465\/revisions\/542"}],"wp:attachment":[{"href":"https:\/\/ohndorf.de\/index.php\/wp-json\/wp\/v2\/media?parent=465"}],"curies":[{"name":"wp","href":"https:\/\/api.w.org\/{rel}","templated":true}]}}

<p class="has-ast-global-color-6-background-color has-background"><strong>Leider musste die Mitgliederversammlung im Dezember 2023 die Auflösung des Vereins beschließen. Aufgrund fehlender Mitglieder ist es nicht mehr möglich, den Vereinsbetrieb aufrecht zu erhalten. Der MGV Ohndorf wurde inzwischen aufgelöst. Die Pflege des heimischen Liedgutes ist in der Dorfgemeinschaft aufgegangen.</strong></p>



<p>Der Männergesangverein Ohndorf wurde 1922 gegründet und blickt somit auf mehr als 100-jährige Tradition des Chorgesangs in Ohndorf zurück. Der MGV gehört dem Sängerbund Deister-Süntel an und ist auch Mitgliedschor in der Stiftung Bundesbahnsozialwerk (BSW). Regelmäßige Auftritte beim Fasleabend/ Erntefest/ Volkstrauertag/ Weihnachtsfeier gehören zum musikalischen Rahmen des Chores.</p>



<p>In der Vergangenheit gehörten auch Theaterveranstaltungen dazu, aus denen sich später auch das „Ohndorf-Theater“ mit Laienspielern/innen aus Ohndorf gebildet hat. Oskar Wedel hat bis 2017 über 28 Jahre den MGV als Vorsitzender geleitet. Er war auch der Leiter und Organisator des „Ohndorf-Theaters“. Der MGV Ohndorf schloss sich in 2008 mit den Männergesangvereinen aus Bad Nenndorf und Rehren A/R zur Männerchorgemeinschaft Schaumburg zusammen. 2020 gehörten dem Chor 25 Männer an. Chorleiterin ist Julia Makarowa.</p>



<p>Die Chorgemeinschaft nimmt auch musikalische Auftritte außerhalb von Ohndorf wahr: z.B. beim Benefizkonzert in der Wandelhalle Bad Nenndorf zugunsten der „Tafel Bad Nenndorf“, zum BSW-Adventskonzert am 3. Advent im Hauptbahnhof Hannover, zu Jubiläums- u. Freundschaftssingen, zu Besuchen in einigen Heimen in Bad Nenndorf, zu Gottesdiensten in der Martinskirche in Hohnhorst.</p>



<p>Für das Erntefest in Ohndorf wurde auf Initiative des MGV der Projektchor „Erntefestchor“ gebildet. Zu diesem Anlass finden sich Frauen und Männer aus Ohndorf zu einem gemischten Chor zusammen und singen beim Abholen der Erntekrone.</p>



<p>Jeder, wer Freude am Singen hat, ist herzlich eingeladen, entweder im Männerchor oder im Erntefestchor, mitzusingen.</p>



<p><s>Regelmäßige Übungsabende des Männergesangsverein Ohndorf finden an jedem Dienstag in der Alten Schule von 19:30 bis 21:30 Uhr statt.</s></p>



<p></p>

<p>Leider musste die Mitgliederversammlung im Dezember 2023 die Auflösung des Vereins beschließen. Aufgrund fehlender Mitglieder ist es nicht mehr möglich, den Vereinsbetrieb aufrecht zu erhalten. Der MGV Ohndorf wurde inzwischen aufgelöst. Die Pflege des heimischen &hellip;</p>
<p class="read-more"> <a class="" href="https://ohndorf.de/index.php/mgv-ohndorf/"> <span class="screen-reader-text">MGV Ohndorf</span> weiterlesen</a></p>

Leider musste die Mitgliederversammlung im Dezember 2023 die Auflösung des Vereins beschließen. Aufgrund fehlender Mitglieder ist es nicht mehr möglich, den Vereinsbetrieb aufrecht zu erhalten. Der MGV Ohndorf wurde inzwischen aufgelöst. Die Pflege des heimischen &hellip; MGV Ohndorf weiterlesen
