{"id":414,"date":"2023-09-01T19:53:07","date_gmt":"2023-09-01T17:53:07","guid":{"rendered":"https:\/\/ohndorf.de\/?page_id=414"},"modified":"2025-10-19T16:07:05","modified_gmt":"2025-10-19T14:07:05","slug":"kindertrachtentanz","status":"publish","type":"page","link":"https:\/\/ohndorf.de\/index.php\/dorfleben\/kindertrachtentanz\/","title":{"rendered":"Kindertrachtentanz"},"content":{"rendered":"\n<figure class=\"wp-block-image aligncenter size-full\"><img loading=\"lazy\" decoding=\"async\" width=\"320\" height=\"192\" src=\"https:\/\/ohndorf.de\/wp-content\/uploads\/2025\/10\/Logo-luettsche.jpeg\" alt=\"\" class=\"wp-image-539\" srcset=\"https:\/\/ohndorf.de\/wp-content\/uploads\/2025\/10\/Logo-luettsche.jpeg 320w, https:\/\/ohndorf.de\/wp-content\/uploads\/2025\/10\/Logo-luettsche-300x180.jpeg 300w\" sizes=\"auto, (max-width: 320px) 100vw, 320px\" \/><\/figure>\n\n\n\n<p>Im April 2023 wurden in Ohndorf alte Traditionen aufgelebt, denn es hat sich eine Kindertrachtengruppe gegr\u00fcndet. Der Sommer wurde daf\u00fcr genutzt erste T\u00e4nze einzu\u00fcben, die bei den Erntefesten und sonstigen Veranstaltungen aufgef\u00fchrt werden.<\/p>\n\n\n\n<p>Mit viel Spa\u00df und Freude lernen die Kinder und Jugendlichen an den Tanznachmittagen die \u201eAchttourigen\u201c, also die Volkstrachtent\u00e4nze und die traditionelle Tracht (\u00d6sterten Tracht) kennen.<\/p>\n\n\n\t\t\t\t\t<div\n\t\t\t\t\t\tclass=\"wp-block-uagb-image-gallery uagb-block-6383f2ed     \"\n\t\t\t\t\t\tstyle=\"\"\n\t\t\t\t\t>\n\t\t\t\t\t\t\t\t\t\t\t<div class=\"spectra-image-gallery spectra-image-gallery__layout--carousel\">\n\t\t\t\t\t\t\t\t<div class=\"uagb-slick-carousel uagb-block-6383f2ed\">\n\t\t\t\t\t\t\t\t\t\t\t\t<div class='spectra-image-gallery__media-wrapper' data-spectra-gallery-image-id='415'>\n\t\t\t\t\t\t\t<div class=\"spectra-image-gallery__media spectra-image-gallery__media--carousel\">\n\t\t\t\t<picture>\n\t\t\t\t\t<source media=\"(min-width: 1024px)\" srcset=\"https:\/\/ohndorf.de\/wp-content\/uploads\/2023\/09\/2023_DG_KiTT_01-1024x768.jpeg\">\n\t\t\t\t\t<source media=\"(min-width: 768px)\" srcset=\"https:\/\/ohndorf.de\/wp-content\/uploads\/2023\/09\/2023_DG_KiTT_01-1024x768.jpeg\">\n\t\t\t\t\t<img decoding=\"async\" class=\"spectra-image-gallery__media-thumbnail spectra-image-gallery__media-thumbnail--carousel\" src=\"https:\/\/ohndorf.de\/wp-content\/uploads\/2023\/09\/2023_DG_KiTT_01-300x225.jpeg\" alt=\"\" loading=\"lazy\" \/>\n\t\t\t\t<\/picture>\n\t\t\t\t<div class=\"spectra-image-gallery__media-thumbnail-blurrer\"><\/div>\n\t\t\t\t\t\t\t\t\t\t\t<div class=\"spectra-image-gallery__media-thumbnail-caption-wrapper spectra-image-gallery__media-thumbnail-caption-wrapper--overlay\"><\/div>\n\t\t\t\t\t\t\t\t<\/div>\n\t\t\t\t\t\t<\/div>\n\t\t\t\t\t\t<div class='spectra-image-gallery__media-wrapper' data-spectra-gallery-image-id='416'>\n\t\t\t\t\t\t\t<div class=\"spectra-image-gallery__media spectra-image-gallery__media--carousel\">\n\t\t\t\t<picture>\n\t\t\t\t\t<source media=\"(min-width: 1024px)\" srcset=\"https:\/\/ohndorf.de\/wp-content\/uploads\/2023\/09\/2023_DG_KiTT_02-1024x768.jpeg\">\n\t\t\t\t\t<source media=\"(min-width: 768px)\" srcset=\"https:\/\/ohndorf.de\/wp-content\/uploads\/2023\/09\/2023_DG_KiTT_02-1024x768.jpeg\">\n\t\t\t\t\t<img decoding=\"async\" class=\"spectra-image-gallery__media-thumbnail spectra-image-gallery__media-thumbnail--carousel\" src=\"https:\/\/ohndorf.de\/wp-content\/uploads\/2023\/09\/2023_DG_KiTT_02-300x225.jpeg\" alt=\"\" loading=\"lazy\" \/>\n\t\t\t\t<\/picture>\n\t\t\t\t<div class=\"spectra-image-gallery__media-thumbnail-blurrer\"><\/div>\n\t\t\t\t\t\t\t\t\t\t\t<div class=\"spectra-image-gallery__media-thumbnail-caption-wrapper spectra-image-gallery__media-thumbnail-caption-wrapper--overlay\"><\/div>\n\t\t\t\t\t\t\t\t<\/div>\n\t\t\t\t\t\t<\/div>\n\t\t\t\t\t\t<div class='spectra-image-gallery__media-wrapper' data-spectra-gallery-image-id='417'>\n\t\t\t\t\t\t\t<div class=\"spectra-image-gallery__media spectra-image-gallery__media--carousel\">\n\t\t\t\t<picture>\n\t\t\t\t\t<source media=\"(min-width: 1024px)\" srcset=\"https:\/\/ohndorf.de\/wp-content\/uploads\/2023\/09\/2023_DG_KiTT_03-1024x768.jpeg\">\n\t\t\t\t\t<source media=\"(min-width: 768px)\" srcset=\"https:\/\/ohndorf.de\/wp-content\/uploads\/2023\/09\/2023_DG_KiTT_03-1024x768.jpeg\">\n\t\t\t\t\t<img decoding=\"async\" class=\"spectra-image-gallery__media-thumbnail spectra-image-gallery__media-thumbnail--carousel\" src=\"https:\/\/ohndorf.de\/wp-content\/uploads\/2023\/09\/2023_DG_KiTT_03-300x225.jpeg\" alt=\"\" loading=\"lazy\" \/>\n\t\t\t\t<\/picture>\n\t\t\t\t<div class=\"spectra-image-gallery__media-thumbnail-blurrer\"><\/div>\n\t\t\t\t\t\t\t\t\t\t\t<div class=\"spectra-image-gallery__media-thumbnail-caption-wrapper spectra-image-gallery__media-thumbnail-caption-wrapper--overlay\"><\/div>\n\t\t\t\t\t\t\t\t<\/div>\n\t\t\t\t\t\t<\/div>\n\t\t\t\t\t\t<div class='spectra-image-gallery__media-wrapper' data-spectra-gallery-image-id='418'>\n\t\t\t\t\t\t\t<div class=\"spectra-image-gallery__media spectra-image-gallery__media--carousel\">\n\t\t\t\t<picture>\n\t\t\t\t\t<source media=\"(min-width: 1024px)\" srcset=\"https:\/\/ohndorf.de\/wp-content\/uploads\/2023\/09\/2023_DG_KiTT_04-1024x768.jpeg\">\n\t\t\t\t\t<source media=\"(min-width: 768px)\" srcset=\"https:\/\/ohndorf.de\/wp-content\/uploads\/2023\/09\/2023_DG_KiTT_04-1024x768.jpeg\">\n\t\t\t\t\t<img decoding=\"async\" class=\"spectra-image-gallery__media-thumbnail spectra-image-gallery__media-thumbnail--carousel\" src=\"https:\/\/ohndorf.de\/wp-content\/uploads\/2023\/09\/2023_DG_KiTT_04-300x225.jpeg\" alt=\"\" loading=\"lazy\" \/>\n\t\t\t\t<\/picture>\n\t\t\t\t<div class=\"spectra-image-gallery__media-thumbnail-blurrer\"><\/div>\n\t\t\t\t\t\t\t\t\t\t\t<div class=\"spectra-image-gallery__media-thumbnail-caption-wrapper spectra-image-gallery__media-thumbnail-caption-wrapper--overlay\"><\/div>\n\t\t\t\t\t\t\t\t<\/div>\n\t\t\t\t\t\t<\/div>\n\t\t\t\t\t\t\t\t\t\t\t<\/div>\n\t\t\t\t\t\t\t<\/div>\n\t\t\t\t\t\t\t\t\t\t\t<\/div>\n\t\t\t\t\t\t\t\t\t\n\n\n<h4 class=\"wp-block-heading\">Wer kann mittanzen?<\/h4>\n\n\n\n<p>Die Kindertrachtengruppe ist eine altersgemischte Gruppe mit Kindern und Jugendlichen im Alter zwischen 4-14 Jahren.<\/p>\n\n\n\n<h4 class=\"wp-block-heading\">Wann wird ge\u00fcbt?<\/h4>\n\n\n\n<p>Wir treffen uns in der Regel mittwochs im Durchschnitt alle zwei Wochen. Vor der Erntefestsaison wird in der Regel h\u00e4ufiger ge\u00fcbt, als in den Wintermonaten.<\/p>\n\n\n\n<h4 class=\"wp-block-heading\">Wie kann ich mitmachen?<\/h4>\n\n\n\n<p>Die Kindertrachtengruppe wird haupts\u00e4chlich von Sabrina Wille und Marie Winkler geleitet. Bei Interesse kannst Du uns gern eine E-Mail an <a href=\"mailto:info@ohndorf.de?subject=Kindertrachtentanz\">info@ohndorf.de<\/a> schreiben. Wir versorgen Dich dann mit weiteren Infos.<\/p>\n\n\n\n<p>Wenn Ihr ein paarmal bei den \u00dcbungsnachmittagen wart und Lust habt, weiterzumachen k\u00f6nnt Ihr Mitglied der Dorfgemeinschaft werden. Dann bekommt Ihr auch eine eigene Tracht, die Eigentum der Trachtengruppe bleibt.<\/p>\n\n\n\n<h4 class=\"wp-block-heading\">Downloads<\/h4>\n\n\n\n<div class=\"wp-block-stackable-columns stk-block-columns stk-block stk-c79ec62\" data-block-id=\"c79ec62\"><div class=\"stk-row stk-inner-blocks stk-block-content stk-content-align stk-c79ec62-column\">\n<div class=\"wp-block-stackable-column stk-block-column stk-column stk-block stk-6224b96\" data-v=\"4\" data-block-id=\"6224b96\"><div class=\"stk-column-wrapper stk-block-column__content stk-container stk-6224b96-container stk--no-background stk--no-padding\"><div class=\"stk-block-content stk-inner-blocks stk-6224b96-inner-blocks\">\n<div class=\"wp-block-stackable-text stk-block-text stk-block stk-cc1b90e\" data-block-id=\"cc1b90e\"><p class=\"stk-block-text__text\"><a href=\"https:\/\/ohndorf.de\/wp-content\/uploads\/2023\/03\/Mitgliedsbeitrag-Einzugsermaechtigung.pdf\" target=\"_blank\" rel=\"noreferrer noopener\">Eintrittserkl\u00e4rung Dorfgemeinschaft<\/a><\/p><\/div>\n<\/div><\/div><\/div>\n\n\n\n<div class=\"wp-block-stackable-column stk-block-column stk-column stk-block stk-b5146cb\" data-v=\"4\" data-block-id=\"b5146cb\"><div class=\"stk-column-wrapper stk-block-column__content stk-container stk-b5146cb-container stk--no-background stk--no-padding\"><div class=\"stk-block-content stk-inner-blocks stk-b5146cb-inner-blocks\">\n<div class=\"wp-block-stackable-text stk-block-text stk-block stk-22f008d\" data-block-id=\"22f008d\"><p class=\"stk-block-text__text\"><a href=\"https:\/\/ohndorf.de\/wp-content\/uploads\/2023\/09\/Einwilligung-zur-Veroeffentlichung-von-Fotos.pdf\" target=\"_blank\" rel=\"noreferrer noopener\">Fotogenehmigung<\/a><\/p><\/div>\n<\/div><\/div><\/div>\n<\/div><\/div>\n","protected":false},"excerpt":{"rendered":"<p>Im April 2023 wurden in Ohndorf alte Traditionen aufgelebt, denn es hat sich eine Kindertrachtengruppe gegr\u00fcndet. Der Sommer wurde daf\u00fcr genutzt erste T\u00e4nze einzu\u00fcben, die bei den Erntefesten und sonstigen Veranstaltungen aufgef\u00fchrt werden. Mit viel &hellip;<\/p>\n<p class=\"read-more\"> <a class=\"\" href=\"https:\/\/ohndorf.de\/index.php\/dorfleben\/kindertrachtentanz\/\"> <span class=\"screen-reader-text\">Kindertrachtentanz<\/span> weiterlesen<\/a><\/p>\n","protected":false},"author":1,"featured_media":0,"parent":426,"menu_order":0,"comment_status":"closed","ping_status":"closed","template":"","meta":{"_uag_custom_page_level_css":"","site-sidebar-layout":"default","site-content-layout":"default","ast-global-header-display":"","ast-main-header-display":"","ast-hfb-above-header-display":"","ast-hfb-below-header-display":"","ast-hfb-mobile-header-display":"","site-post-title":"","ast-breadcrumbs-content":"","ast-featured-img":"","footer-sml-layout":"","theme-transparent-header-meta":"","adv-header-id-meta":"","stick-header-meta":"","header-above-stick-meta":"","header-main-stick-meta":"","header-below-stick-meta":"","footnotes":""},"class_list":["post-414","page","type-page","status-publish","hentry"],"uagb_featured_image_src":{"full":false,"thumbnail":false,"medium":false,"medium_large":false,"large":false,"1536x1536":false,"2048x2048":false,"fpw_square":false,"fpw_banner":false,"fpw_big":false},"uagb_author_info":{"display_name":"Marco Thiele","author_link":"https:\/\/ohndorf.de\/index.php\/author\/mthiele\/"},"uagb_comment_info":0,"uagb_excerpt":"Im April 2023 wurden in Ohndorf alte Traditionen aufgelebt, denn es hat sich eine Kindertrachtengruppe gegr\u00fcndet. Der Sommer wurde daf\u00fcr genutzt erste T\u00e4nze einzu\u00fcben, die bei den Erntefesten und sonstigen Veranstaltungen aufgef\u00fchrt werden. Mit viel &hellip; Kindertrachtentanz weiterlesen","_links":{"self":[{"href":"https:\/\/ohndorf.de\/index.php\/wp-json\/wp\/v2\/pages\/414","targetHints":{"allow":["GET"]}}],"collection":[{"href":"https:\/\/ohndorf.de\/index.php\/wp-json\/wp\/v2\/pages"}],"about":[{"href":"https:\/\/ohndorf.de\/index.php\/wp-json\/wp\/v2\/types\/page"}],"author":[{"embeddable":true,"href":"https:\/\/ohndorf.de\/index.php\/wp-json\/wp\/v2\/users\/1"}],"replies":[{"embeddable":true,"href":"https:\/\/ohndorf.de\/index.php\/wp-json\/wp\/v2\/comments?post=414"}],"version-history":[{"count":8,"href":"https:\/\/ohndorf.de\/index.php\/wp-json\/wp\/v2\/pages\/414\/revisions"}],"predecessor-version":[{"id":540,"href":"https:\/\/ohndorf.de\/index.php\/wp-json\/wp\/v2\/pages\/414\/revisions\/540"}],"up":[{"embeddable":true,"href":"https:\/\/ohndorf.de\/index.php\/wp-json\/wp\/v2\/pages\/426"}],"wp:attachment":[{"href":"https:\/\/ohndorf.de\/index.php\/wp-json\/wp\/v2\/media?parent=414"}],"curies":[{"name":"wp","href":"https:\/\/api.w.org\/{rel}","templated":true}]}}

<figure class="wp-block-image aligncenter size-full"><img loading="lazy" decoding="async" width="320" height="192" src="https://ohndorf.de/wp-content/uploads/2025/10/Logo-luettsche.jpeg" alt="" class="wp-image-539" srcset="https://ohndorf.de/wp-content/uploads/2025/10/Logo-luettsche.jpeg 320w, https://ohndorf.de/wp-content/uploads/2025/10/Logo-luettsche-300x180.jpeg 300w" sizes="auto, (max-width: 320px) 100vw, 320px" /></figure>



<p>Im April 2023 wurden in Ohndorf alte Traditionen aufgelebt, denn es hat sich eine Kindertrachtengruppe gegründet. Der Sommer wurde dafür genutzt erste Tänze einzuüben, die bei den Erntefesten und sonstigen Veranstaltungen aufgeführt werden.</p>



<p>Mit viel Spaß und Freude lernen die Kinder und Jugendlichen an den Tanznachmittagen die „Achttourigen“, also die Volkstrachtentänze und die traditionelle Tracht (Österten Tracht) kennen.</p>


					<div
						class="wp-block-uagb-image-gallery uagb-block-6383f2ed     "
						style=""
					>
											<div class="spectra-image-gallery spectra-image-gallery__layout--carousel">
								<div class="uagb-slick-carousel uagb-block-6383f2ed">
												<div class='spectra-image-gallery__media-wrapper' data-spectra-gallery-image-id='415'>
							<div class="spectra-image-gallery__media spectra-image-gallery__media--carousel">
				<picture>
					<source media="(min-width: 1024px)" srcset="https://ohndorf.de/wp-content/uploads/2023/09/2023_DG_KiTT_01-1024x768.jpeg">
					<source media="(min-width: 768px)" srcset="https://ohndorf.de/wp-content/uploads/2023/09/2023_DG_KiTT_01-1024x768.jpeg">
					<img decoding="async" class="spectra-image-gallery__media-thumbnail spectra-image-gallery__media-thumbnail--carousel" src="https://ohndorf.de/wp-content/uploads/2023/09/2023_DG_KiTT_01-300x225.jpeg" alt="" loading="lazy" />
				</picture>
				<div class="spectra-image-gallery__media-thumbnail-blurrer"></div>
											<div class="spectra-image-gallery__media-thumbnail-caption-wrapper spectra-image-gallery__media-thumbnail-caption-wrapper--overlay"></div>
								</div>
						</div>
						<div class='spectra-image-gallery__media-wrapper' data-spectra-gallery-image-id='416'>
							<div class="spectra-image-gallery__media spectra-image-gallery__media--carousel">
				<picture>
					<source media="(min-width: 1024px)" srcset="https://ohndorf.de/wp-content/uploads/2023/09/2023_DG_KiTT_02-1024x768.jpeg">
					<source media="(min-width: 768px)" srcset="https://ohndorf.de/wp-content/uploads/2023/09/2023_DG_KiTT_02-1024x768.jpeg">
					<img decoding="async" class="spectra-image-gallery__media-thumbnail spectra-image-gallery__media-thumbnail--carousel" src="https://ohndorf.de/wp-content/uploads/2023/09/2023_DG_KiTT_02-300x225.jpeg" alt="" loading="lazy" />
				</picture>
				<div class="spectra-image-gallery__media-thumbnail-blurrer"></div>
											<div class="spectra-image-gallery__media-thumbnail-caption-wrapper spectra-image-gallery__media-thumbnail-caption-wrapper--overlay"></div>
								</div>
						</div>
						<div class='spectra-image-gallery__media-wrapper' data-spectra-gallery-image-id='417'>
							<div class="spectra-image-gallery__media spectra-image-gallery__media--carousel">
				<picture>
					<source media="(min-width: 1024px)" srcset="https://ohndorf.de/wp-content/uploads/2023/09/2023_DG_KiTT_03-1024x768.jpeg">
					<source media="(min-width: 768px)" srcset="https://ohndorf.de/wp-content/uploads/2023/09/2023_DG_KiTT_03-1024x768.jpeg">
					<img decoding="async" class="spectra-image-gallery__media-thumbnail spectra-image-gallery__media-thumbnail--carousel" src="https://ohndorf.de/wp-content/uploads/2023/09/2023_DG_KiTT_03-300x225.jpeg" alt="" loading="lazy" />
				</picture>
				<div class="spectra-image-gallery__media-thumbnail-blurrer"></div>
											<div class="spectra-image-gallery__media-thumbnail-caption-wrapper spectra-image-gallery__media-thumbnail-caption-wrapper--overlay"></div>
								</div>
						</div>
						<div class='spectra-image-gallery__media-wrapper' data-spectra-gallery-image-id='418'>
							<div class="spectra-image-gallery__media spectra-image-gallery__media--carousel">
				<picture>
					<source media="(min-width: 1024px)" srcset="https://ohndorf.de/wp-content/uploads/2023/09/2023_DG_KiTT_04-1024x768.jpeg">
					<source media="(min-width: 768px)" srcset="https://ohndorf.de/wp-content/uploads/2023/09/2023_DG_KiTT_04-1024x768.jpeg">
					<img decoding="async" class="spectra-image-gallery__media-thumbnail spectra-image-gallery__media-thumbnail--carousel" src="https://ohndorf.de/wp-content/uploads/2023/09/2023_DG_KiTT_04-300x225.jpeg" alt="" loading="lazy" />
				</picture>
				<div class="spectra-image-gallery__media-thumbnail-blurrer"></div>
											<div class="spectra-image-gallery__media-thumbnail-caption-wrapper spectra-image-gallery__media-thumbnail-caption-wrapper--overlay"></div>
								</div>
						</div>
											</div>
							</div>
											</div>
									


<h4 class="wp-block-heading">Wer kann mittanzen?</h4>



<p>Die Kindertrachtengruppe ist eine altersgemischte Gruppe mit Kindern und Jugendlichen im Alter zwischen 4-14 Jahren.</p>



<h4 class="wp-block-heading">Wann wird geübt?</h4>



<p>Wir treffen uns in der Regel mittwochs im Durchschnitt alle zwei Wochen. Vor der Erntefestsaison wird in der Regel häufiger geübt, als in den Wintermonaten.</p>



<h4 class="wp-block-heading">Wie kann ich mitmachen?</h4>



<p>Die Kindertrachtengruppe wird hauptsächlich von Sabrina Wille und Marie Winkler geleitet. Bei Interesse kannst Du uns gern eine E-Mail an <a href="mailto:info@ohndorf.de?subject=Kindertrachtentanz">info@ohndorf.de</a> schreiben. Wir versorgen Dich dann mit weiteren Infos.</p>



<p>Wenn Ihr ein paarmal bei den Übungsnachmittagen wart und Lust habt, weiterzumachen könnt Ihr Mitglied der Dorfgemeinschaft werden. Dann bekommt Ihr auch eine eigene Tracht, die Eigentum der Trachtengruppe bleibt.</p>



<h4 class="wp-block-heading">Downloads</h4>



<div class="wp-block-stackable-columns stk-block-columns stk-block stk-c79ec62" data-block-id="c79ec62"><div class="stk-row stk-inner-blocks stk-block-content stk-content-align stk-c79ec62-column">
<div class="wp-block-stackable-column stk-block-column stk-column stk-block stk-6224b96" data-v="4" data-block-id="6224b96"><div class="stk-column-wrapper stk-block-column__content stk-container stk-6224b96-container stk--no-background stk--no-padding"><div class="stk-block-content stk-inner-blocks stk-6224b96-inner-blocks">
<div class="wp-block-stackable-text stk-block-text stk-block stk-cc1b90e" data-block-id="cc1b90e"><p class="stk-block-text__text"><a href="https://ohndorf.de/wp-content/uploads/2023/03/Mitgliedsbeitrag-Einzugsermaechtigung.pdf" target="_blank" rel="noreferrer noopener">Eintrittserklärung Dorfgemeinschaft</a></p></div>
</div></div></div>



<div class="wp-block-stackable-column stk-block-column stk-column stk-block stk-b5146cb" data-v="4" data-block-id="b5146cb"><div class="stk-column-wrapper stk-block-column__content stk-container stk-b5146cb-container stk--no-background stk--no-padding"><div class="stk-block-content stk-inner-blocks stk-b5146cb-inner-blocks">
<div class="wp-block-stackable-text stk-block-text stk-block stk-22f008d" data-block-id="22f008d"><p class="stk-block-text__text"><a href="https://ohndorf.de/wp-content/uploads/2023/09/Einwilligung-zur-Veroeffentlichung-von-Fotos.pdf" target="_blank" rel="noreferrer noopener">Fotogenehmigung</a></p></div>
</div></div></div>
</div></div>

<p>Im April 2023 wurden in Ohndorf alte Traditionen aufgelebt, denn es hat sich eine Kindertrachtengruppe gegründet. Der Sommer wurde dafür genutzt erste Tänze einzuüben, die bei den Erntefesten und sonstigen Veranstaltungen aufgeführt werden. Mit viel &hellip;</p>
<p class="read-more"> <a class="" href="https://ohndorf.de/index.php/dorfleben/kindertrachtentanz/"> <span class="screen-reader-text">Kindertrachtentanz</span> weiterlesen</a></p>

Im April 2023 wurden in Ohndorf alte Traditionen aufgelebt, denn es hat sich eine Kindertrachtengruppe gegründet. Der Sommer wurde dafür genutzt erste Tänze einzuüben, die bei den Erntefesten und sonstigen Veranstaltungen aufgeführt werden. Mit viel &hellip; Kindertrachtentanz weiterlesen
